{"id":898,"date":"2022-10-07T15:12:19","date_gmt":"2022-10-07T13:12:19","guid":{"rendered":"https:\/\/www.vga-fr.org\/sections\/gymnastique-rythmique\/?post_type=stages&#038;p=898"},"modified":"2022-10-07T15:12:19","modified_gmt":"2022-10-07T13:12:19","slug":"gr-stage-vacances-toussaint-2022","status":"publish","type":"stages","link":"https:\/\/www.vga-fr.org\/sections\/gymnastique-rythmique\/stages\/gr-stage-vacances-toussaint-2022\/","title":{"rendered":"[GR] Stage vacances Toussaint 2022"},"content":{"rendered":"<p>LA VGA GR organise un stage \u00e0 destination de tous les groupes loisirs de la section \u00e0 partir de 4 ans, la premi\u00e8re semaine des vacances de la Toussaint. Plus de d\u00e9tails dans le bulletin d&rsquo;inscription.<\/p>\n<h3>HORAIRES<\/h3>\n<ul>\n<li>de 9h \u00e0 10h pour les 4-5 ans<\/li>\n<li>de 10h \u00e0 12h pour les 6 ans et plus.<\/li>\n<\/ul>\n<p>&nbsp;<\/p>\n<a href='https:\/\/www.vga-fr.org\/sections\/gymnastique-rythmique\/wp-content\/uploads\/sites\/43\/2022\/10\/FORMULAIRE-INSCRIPTION-STAGE.pdf' class='small-button smallblue' target=\"_blank\">BULLETIN D&rsquo;INSCRIPTION<\/a>\n<p>&nbsp;<\/p>\n<p>Les cours de l&rsquo;apr\u00e8s-midi sont r\u00e9serv\u00e9s aux gymnastes inscrites en comp\u00e9tition.<\/p>\n","protected":false},"excerpt":{"rendered":"<p>LA VGA GR organise un stage \u00e0 destination de tous les groupes loisirs de la section \u00e0 partir de 4 ans, la premi\u00e8re semaine des vacances de la Toussaint. Plus de d\u00e9tails dans le bulletin d&rsquo;inscription. HORAIRES de 9h \u00e0 10h pour les 4-5 ans de 10h \u00e0 12h pour les 6 ans et plus. [&hellip;]<\/p>\n","protected":false},"author":10,"featured_media":899,"parent":0,"menu_order":0,"comment_status":"open","ping_status":"open","template":"","format":"standard","meta":{"_seopress_robots_primary_cat":"","_et_pb_use_builder":"","_et_pb_old_content":"","_et_gb_content_width":""},"niveaux":[],"periodes":[],"_links":{"self":[{"href":"https:\/\/www.vga-fr.org\/sections\/gymnastique-rythmique\/wp-json\/wp\/v2\/stages\/898"}],"collection":[{"href":"https:\/\/www.vga-fr.org\/sections\/gymnastique-rythmique\/wp-json\/wp\/v2\/stages"}],"about":[{"href":"https:\/\/www.vga-fr.org\/sections\/gymnastique-rythmique\/wp-json\/wp\/v2\/types\/stages"}],"author":[{"embeddable":true,"href":"https:\/\/www.vga-fr.org\/sections\/gymnastique-rythmique\/wp-json\/wp\/v2\/users\/10"}],"replies":[{"embeddable":true,"href":"https:\/\/www.vga-fr.org\/sections\/gymnastique-rythmique\/wp-json\/wp\/v2\/comments?post=898"}],"version-history":[{"count":1,"href":"https:\/\/www.vga-fr.org\/sections\/gymnastique-rythmique\/wp-json\/wp\/v2\/stages\/898\/revisions"}],"predecessor-version":[{"id":901,"href":"https:\/\/www.vga-fr.org\/sections\/gymnastique-rythmique\/wp-json\/wp\/v2\/stages\/898\/revisions\/901"}],"wp:featuredmedia":[{"embeddable":true,"href":"https:\/\/www.vga-fr.org\/sections\/gymnastique-rythmique\/wp-json\/wp\/v2\/media\/899"}],"wp:attachment":[{"href":"https:\/\/www.vga-fr.org\/sections\/gymnastique-rythmique\/wp-json\/wp\/v2\/media?parent=898"}],"wp:term":[{"taxonomy":"niveaux","embeddable":true,"href":"https:\/\/www.vga-fr.org\/sections\/gymnastique-rythmique\/wp-json\/wp\/v2\/niveaux?post=898"},{"taxonomy":"periodes","embeddable":true,"href":"https:\/\/www.vga-fr.org\/sections\/gymnastique-rythmique\/wp-json\/wp\/v2\/periodes?post=898"}],"curies":[{"name":"wp","href":"https:\/\/api.w.org\/{rel}","templated":true}]}}

<p>LA VGA GR organise un stage à destination de tous les groupes loisirs de la section à partir de 4 ans, la première semaine des vacances de la Toussaint. Plus de détails dans le bulletin d&rsquo;inscription.</p>
<h3>HORAIRES</h3>
<ul>
<li>de 9h à 10h pour les 4-5 ans</li>
<li>de 10h à 12h pour les 6 ans et plus.</li>
</ul>
<p>&nbsp;</p>
<a href='https://www.vga-fr.org/sections/gymnastique-rythmique/wp-content/uploads/sites/43/2022/10/FORMULAIRE-INSCRIPTION-STAGE.pdf' class='small-button smallblue' target="_blank">BULLETIN D&rsquo;INSCRIPTION</a>
<p>&nbsp;</p>
<p>Les cours de l&rsquo;après-midi sont réservés aux gymnastes inscrites en compétition.</p>

<p>LA VGA GR organise un stage à destination de tous les groupes loisirs de la section à partir de 4 ans, la première semaine des vacances de la Toussaint. Plus de détails dans le bulletin d&rsquo;inscription. HORAIRES de 9h à 10h pour les 4-5 ans de 10h à 12h pour les 6 ans et plus. [&hellip;]</p>
